55))/9 + (-13550)/(-11). Suppose -285 = -u + m. Is u prime?
False
Let b be 2*1 - 372*(-8)/(-16). Let z = 5091 + b. Is z a prime number?
False
Suppose 825*b + 44003 = 826*b. Is b prime?
False
Suppose -125*t - 4995114 + 5334407 = -8768082. Is t composite?
False
Let o = -332 - -337. Is ((-150)/40)/o*-1*4036 prime?
False
Let i = 57 - 57. Suppose -4*d + i*d - 3*f = 18452, -2*f = 5*d + 23072. Let p = d + 6550. Is p a prime number?
False
Let a = 3881 - 1587. Let i = a + 135. Is i prime?
False
Let i(y) = -2*y**2 - 16*y + 14. Let u be i(-8). Let s(c) = 16*c**2 - 11*c - 43. Is s(u) a prime number?
True
Suppose -4*n + 193585 = 3*t, t - 145185 = -8*n + 5*n. Let v = -24425 + n. Is v composite?
True
Let j = 158181 - 104104. Is j composite?
True
Let v be -5 + (-36846)/4*2. Let u = 29821 + v. Is u a prime number?
True
Let c(u) = -2*u**3 + 6*u - 9. Let g be c(-8). Let s = -50 - -53. Is -2*g/(-2)*(s + -2) a composite number?
False
Let r = -2218864 + 3299763. Is r a composite number?
False
Let q(z) = z**3 + 0 - 1 + 7*z + 9*z**2 + 0*z. Suppose -9*c + 54 = -18*c. Is q(c) a composite number?
True
Suppose 0 = -65*y + 9*y - 57*y + 3118009. Is y a prime number?
False
Suppose 0 = -2*w - 2*w. Let o(h) be the first derivative of 2*h**3/3 + h**2 + 211*h + 2047. Is o(w) prime?
True
Let s = -46 - -60. Suppose -3*d + 5*z + s = 0, 4*d + z - 2 = 3*d. Is d + -1*(2 + -1720) a composite number?
False
Suppose 63*r - 50*r = 52. Suppose 12080 = 5*x + 5*z, -r*x + 4*z + 3339 + 6301 = 0. Is x prime?
False
Let w(m) = 2*m**3 + 10*m**2 - 3*m - 12. Let t be w(-5). Let r(h) = -4*h**2 - 6*h**3 + 0*h**2 - t*h - 100*h**3. Is r(-2) a prime number?
False
Let g = -53759 + 84928. Is g a prime number?
False
Suppose 0 = -5*o + a + 192436, o - 5*a - 34218 = 4274. Is o composite?
True
Let s(h) = 344*h**3 - h**2 + h - 17. Is s(6) a prime number?
True
Let f(b) = -b**3 - 10*b**2 - 4*b - 23. Suppose c + 8 - 1 = 3*n, -5*c - 47 = -3*n. Let o be f(c). Suppose 0 = -o*u + 13*u + 140. Is u composite?
True
Let d(i) = 483223*i**2 + 19*i - 21. Is d(1) composite?
False
Suppose -13*u + 295*u - 22907598 = -12*u. Is u composite?
True
Suppose -2*p = 2*w - 16, 0*p + 4 = -2*w + 2*p. Let i(f) = -404*f + 5. Let q be i(-7). Suppose 4*d - w*t - q = 0, 0*d - d + 707 = -2*t. Is d composite?
False
Is (2/(-8))/(385/(-47559820)) composite?
True
Suppose 5*c - 323915 = 5*n, 6*n + 129560 = 2*c + 5*n. Is c prime?
False
Let d = -662 + 673. Is 134*d/4*(-186)/(-341) a composite number?
True
Is 3/2*(20325080/120 - -9) a prime number?
False
Suppose -5*t + 55343 = 3*q, 677*q - 682*q = 2*t - 22160. Is t a prime number?
False
Let z(p) = -13*p + 5. Let l(i) = -i**3 + 5*i**2 + 5*i - 7. Let w be l(5). Suppose t - d = 1, -7 = 5*t + 5*d + w. Is z(t) composite?
False
Let y = -4117 + 4120. Let a be ((-19)/(-1))/(-1)*-3. Suppose 0*h + y*h = a. Is h prime?
True
Let l(f) = -31*f**2 + 3*f - 82. Let a(c) = -10*c**2 + c - 27. Let j(z) = -7*a(z) + 2*l(z). Is j(10) composite?
True
Suppose 0 = -5*b + 5*i + 155, -116 = 3*b - 7*b + 2*i. Let a(r) = r**3 - 24*r**2 - 33*r - 47. Is a(b) a composite number?
False
Let r(q) = -q**2 - 17*q + 6. Let g = -25 + 13. Let x be r(g). Suppose 4*s = 2690 + x. Is s prime?
False
Let b be ((-2)/1*-5)/2. Let p(y) = -b - 27*y + 26*y + 2*y**2 + y**2. Is p(4) composite?
True
Let c(s) = 8*s**2 + 1 - 11 + 12*s - 9*s**2. Let b be c(8). Let y = 31 + b. Is y composite?
False
Suppose -13*j - 1134 = -302. Let n = j - -457. Is n a composite number?
True
Suppose w - 17 = -4*x, -2*x = x + 5*w. Suppose x*i = -g + 20302, 9*i = -4*g + 4*i + 81163. Is g prime?
True
Let u(j) = 10*j**2 + 20*j - 22. Let c be u(9). Let a = c + -2171. Is -4 + (-2)/(6/a) a prime number?
True
Let c = 252 - 256. Is (716 - -6) + c + -5 a prime number?
False
Let i be 175/(-10)*(53 - -1). Let q(m) = m**3 + 28*m**2 + 10*m - 139. Let j be q(-25). Let o = j + i. Is o composite?
False
Is (6417735/120)/((-1)/120 - 6/(-45)) composite?
False
Suppose 5*p - 328 + 1020 = 4*f, p + 124 = -4*f. Let d be 4/(-6) + p/(-51). Suppose d*b - 840 = 1882. Is b prime?
True
Suppose -6*m = -2*m. Suppose 5*l + 1318 + 2492 = m. Is -3 + 5/((-15)/l) a composite number?
False
Suppose 180*j = 186*j - 2352. Let g = j + 221. Is g a prime number?
True
Suppose 0 = 12*u + 6*u - 4*u. Let r be 8 + 1 + -6 + 7 + u. Suppose -17*t + 1757 = -r*t. Is t prime?
True
Let t be ((-69)/6)/((-11)/(-902)). Let z = 633 + t. Let b = 1503 + z. Is b a composite number?
False
Suppose -8 = 4*x, -4*x - 8 = -2*u + 4*u. Suppose u = -2*h - 17 - 17. Let b(w) = -w**3 - 17*w**2 - 17*w + 18. Is b(h) a composite number?
False
Suppose 0 = -46986*l + 46987*l - 64553. Is l a composite number?
False
Let w = -179 - -182. Suppose -5*x = -w*f + 9504, -3*f - f + 12655 = -x. Is f a prime number?
True
Is ((-4)/(-3) + -2)*17518797/(-222) a composite number?
False
Suppose -q - b = -52128, 3*q - 6719 = 3*b + 149623. Is q composite?
False
Let f = 1827 + 8462. Suppose 0*b - 5*b + f = 4*i, -4*b - 5*i = -8224. Let d = -1182 + b. Is d prime?
False
Let i be 6607978/370 - (-1 + (-4)/(-10)). Suppose 4*h = 20, 5*s + h = -0*s + i. Is s a prime number?
True
Suppose -5*v = -3*z - 3760391, 7*v = 115*z - 118*z + 5264605. Is v a composite number?
False
Let g be 636/14 + 28/49. Let h = g + -47. Is 341 + -2 - (h - -1) a prime number?
False
Let c = 415458 - 37547. Is c composite?
False
Is (3 + -4)*(-55981 + -58) a prime number?
True
Suppose -6*s + 12*s + 792 = 0. Is (-156078)/(-14) + s/(-231) composite?
False
Let y(q) = -8*q - 75. Let b be y(6). Let v = 129 + b. Suppose -10*t = -v*t - 4196. Is t a composite number?
False
Suppose y + 4*y - 25 = -8*f, -10 = -5*f - 5*y. Let s(u) = u**2 - u - 2. Let d be s(-2). Suppose -f*z - d*z = -2367. Is z a composite number?
False
Suppose 5*u = 32*p - 30*p - 45711, -5*p - 3*u = -114262. Is p prime?
True
Let u = -100 - -101. Let n be ((-27)/81)/(u/(-20 + -1)). Suppose n*w - 1456 - 1953 = 0. Is w prime?
True
Let t = 2871460 + -1997481. Is t prime?
True
Let a(s) = -406*s + 337. Is a(-19) a prime number?
False
Suppose 178 - 166 = 6*g. Suppose -x - l + 6*l + 2115 = 0, 0 = 3*x - g*l - 6345. Is -7 - -3 - x/(-7 - -4) a composite number?
False
Let f be 1/2 + 100/8. Suppose -4*j - 3*d + 5 = -f, -2*j - 5*d = -16. Suppose j*i + 3*q - 411 = 0, -2*q = -7*i + 6*i + 128. Is i a prime number?
False
Let h(f) = 117594*f**2 + 82*f - 347. Is h(4) a composite number?
True
Suppose -112 = 17*o - 10567. Suppose -o = -r + 2*i + 440, -2*r = -i - 2101. Is r prime?
True
Let n(v) = 4*v + 14. Let i be n(-5). Let m be i/7*(-42)/9. Suppose 2*z = 6, 2*o - 6*o - m*z + 272 = 0. Is o prime?
False
Let f = 6456 + -3477. Suppose 17*i - f = 8*i. Is i composite?
False
Suppose -5*u + 89723 = g, -5 = -5*u - 35. Is g a composite number?
False
Suppose v - 53576 = 3*o + 408812, 5*o + 1387176 = 3*v. Is v prime?
False
Let v = -45 + 5087. Is v a prime number?
False
Let w = 735548 + -81891. Is w composite?
True
Suppose 973673 - 2344935 = -76*p + 1700430. Is p a prime number?
False
Let d be (-20)/(-15)*96/(-2). Let l be 1/4 - 8/(d/(-3346)). Let z = l - -1112. Is z a composite number?
True
Suppose 89*w - 177*w + 10736968 = 0. Is w composite?
False
Suppose -4*y + 2*c = 7*c - 28696, -3*c = -5*y + 35833. Is y a prime number?
False
Let l(n) = 6*n**3 - 59*n**2 - 96*n - 578. Is l(47) composite?
True
Let k(a) = -2*a**2 + 5*a + 9. Let s = -41 + 37. Let z be k(s). Let c = 1272 - z. Is c composite?
True
Let s = 26 + -11. Let a(d) = 114*d - 53. Is a(s) a composite number?
False
Suppose 4*n + 1 = -15. Is n - (24/6 - 4759) composite?
False
Let q be 14 + (2 - -3)*-1. Suppose 9*l - 357138 = -q*l. Is l a prime number?
True
Let n(h) = 18*h**2 + 31. Let q = 503 - 524. Is n(q) prime?
False
Let k(o) = 29*o + 1. Let d be k(-1). Let w be 3 + (-3)/(-6)*(8 - -2). Is (1477/d)/((-2)/w) a composite number?
False
Let o be (-3)/(-2)*1/(18/(-48)). Is 33178/18 + o/18 a composite number?
True
Let n be ((-4)/6)/((-4)/60). Suppose n*s - 1314 = s. Let b = s + -87. Is b a composite number?
False
Let v = 10 - -124. Suppose 2*q - 312 = v. Is q prime?
True
Let v = -57 - -64. Let y(f) = -11*f - v - 78*f**2 + 36*f**2 - 38*f**3 + 41*f**2. Is y(-4) a prime number?
False
Is -55*(-1029670)/50 + -8 prime?
False
Suppose -9 = -156*g + 153*g, 2*d + g - 147005 = 0. Is d prime?
False
Suppose -5*a = 0, -4*t + 8 = 7*a - 8*a. Suppose -